{"id":31,"date":"2025-07-25T09:34:06","date_gmt":"2025-07-25T09:34:06","guid":{"rendered":"http:\/\/185.156.219.144\/~z143079\/wines\/?page_id=31"},"modified":"2025-09-29T18:07:00","modified_gmt":"2025-09-29T18:07:00","slug":"index","status":"publish","type":"page","link":"https:\/\/www.winesandspirits.com.py\/","title":{"rendered":"index"},"content":{"rendered":"\t\t<div data-elementor-type=\"wp-page\" data-elementor-id=\"31\" class=\"elementor elementor-31\" data-elementor-post-type=\"page\">\n\t\t\t\t<div class=\"elementor-element elementor-element-aa671d3 e-con-full e-flex e-con e-parent\" data-id=\"aa671d3\" data-element_type=\"container\" data-e-type=\"container\">\n\t\t\t\t<div class=\"elementor-element elementor-element-a5a2988 elementor--h-position-center elementor--v-position-middle elementor-arrows-position-inside elementor-pagination-position-inside elementor-widget elementor-widget-slides\" data-id=\"a5a2988\" data-element_type=\"widget\" data-e-type=\"widget\" data-settings=\"{&quot;navigation&quot;:&quot;both&quot;,&quot;autoplay&quot;:&quot;yes&quot;,&quot;pause_on_hover&quot;:&quot;yes&quot;,&quot;pause_on_interaction&quot;:&quot;yes&quot;,&quot;autoplay_speed&quot;:5000,&quot;infinite&quot;:&quot;yes&quot;,&quot;transition&quot;:&quot;slide&quot;,&quot;transition_speed&quot;:500}\" data-widget_type=\"slides.default\">\n\t\t\t\t\t\t\t\t\t\t<div class=\"elementor-slides-wrapper elementor-main-swiper swiper\" role=\"region\" aria-roledescription=\"carousel\" aria-label=\"slider-inicio\" dir=\"ltr\" data-animation=\"fadeInUp\">\n\t\t\t\t<div class=\"swiper-wrapper elementor-slides\">\n\t\t\t\t\t\t\t\t\t\t<div class=\"elementor-repeater-item-9d2ac52 swiper-slide\" role=\"group\" aria-roledescription=\"slide\"><div class=\"swiper-slide-bg elementor-ken-burns elementor-ken-burns--out\" role=\"img\" aria-label=\"slider-02-wine-team copia\"><\/div><div class=\"elementor-background-overlay\"><\/div><div class=\"swiper-slide-inner\" ><div class=\"swiper-slide-contents\"><div class=\"elementor-slide-heading\">Wines&Spirits<\/div><a href=\"https:\/\/www.winesandspirits.com.py\/index.php\/nosotros\/\" class=\"elementor-button elementor-slide-button elementor-size-md\">VER M\u00c1S<\/a><\/div><\/div><\/div>\t\t\t\t<\/div>\n\t\t\t\t\t\t\t<\/div>\n\t\t\t\t\t\t\t\t<\/div>\n\t\t\t\t<\/div>\n\t\t<div class=\"elementor-element elementor-element-b2fd167 e-grid e-con-boxed e-con e-parent\" data-id=\"b2fd167\" data-element_type=\"container\" data-e-type=\"container\">\n\t\t\t\t\t<div class=\"e-con-inner\">\n\t\t<div class=\"elementor-element elementor-element-b368b65 e-con-full e-flex e-con e-child\" data-id=\"b368b65\" data-element_type=\"container\" data-e-type=\"container\">\n\t\t\t\t<div class=\"elementor-element elementor-element-fc6ebfa elementor-widget elementor-widget-heading\" data-id=\"fc6ebfa\" data-element_type=\"widget\" data-e-type=\"widget\" data-widget_type=\"heading.default\">\n\t\t\t\t\t<h2 class=\"elementor-heading-title elementor-size-default\">Somos l\u00edderes<\/h2>\t\t\t\t<\/div>\n\t\t\t\t<div class=\"elementor-element elementor-element-0c1cfaf elementor-widget elementor-widget-text-editor\" data-id=\"0c1cfaf\" data-element_type=\"widget\" data-e-type=\"widget\" data-widget_type=\"text-editor.default\">\n\t\t\t\t\t\t\t\t\ten bebidas premium,<br>\nel espacio de productos\u00a0de\u00a0<br><em><strong>consumo m\u00e1s apasionante.<\/strong><\/em>\t\t\t\t\t\t\t\t<\/div>\n\t\t\t\t<div class=\"elementor-element elementor-element-3089ec5 elementor-widget elementor-widget-text-editor\" data-id=\"3089ec5\" data-element_type=\"widget\" data-e-type=\"widget\" data-widget_type=\"text-editor.default\">\n\t\t\t\t\t\t\t\t\t<h5 style=\"text-align: center;\">Con presencia en todo el pa\u00eds y un portafolio de mas de 20 marcas reconocidas, ofrecemos una selecci\u00f3n que combina tradici\u00f3n, innovaci\u00f3n y excelencia.<\/h5>\t\t\t\t\t\t\t\t<\/div>\n\t\t\t\t<\/div>\n\t\t\t\t\t<\/div>\n\t\t\t\t<\/div>\n\t\t<div class=\"elementor-element elementor-element-352378f e-grid e-con-boxed e-con e-parent\" data-id=\"352378f\" data-element_type=\"container\" data-e-type=\"container\">\n\t\t\t\t\t<div class=\"e-con-inner\">\n\t\t\t\t<div class=\"elementor-element elementor-element-9d9ddcb elementor-widget elementor-widget-image\" data-id=\"9d9ddcb\" data-element_type=\"widget\" data-e-type=\"widget\" data-widget_type=\"image.default\">\n\t\t\t\t\t\t\t\t\t\t\t\t\t\t\t<img fetchpriority=\"high\" decoding=\"async\" width=\"800\" height=\"800\" src=\"https:\/\/www.winesandspirits.com.py\/wp-content\/uploads\/2025\/07\/barman-wines-1024x1024.webp\" class=\"attachment-large size-large wp-image-101\" alt=\"\" srcset=\"https:\/\/www.winesandspirits.com.py\/wp-content\/uploads\/2025\/07\/barman-wines-1024x1024.webp 1024w, https:\/\/www.winesandspirits.com.py\/wp-content\/uploads\/2025\/07\/barman-wines-300x300.webp 300w, https:\/\/www.winesandspirits.com.py\/wp-content\/uploads\/2025\/07\/barman-wines-150x150.webp 150w, https:\/\/www.winesandspirits.com.py\/wp-content\/uploads\/2025\/07\/barman-wines-768x768.webp 768w, https:\/\/www.winesandspirits.com.py\/wp-content\/uploads\/2025\/07\/barman-wines.webp 1200w\" sizes=\"(max-width: 800px) 100vw, 800px\" \/>\t\t\t\t\t\t\t\t\t\t\t\t\t\t\t<\/div>\n\t\t<div class=\"elementor-element elementor-element-91236f0 e-con-full e-flex e-con e-child\" data-id=\"91236f0\" data-element_type=\"container\" data-e-type=\"container\">\n\t\t\t\t<div class=\"elementor-element elementor-element-1b86054 elementor-widget elementor-widget-text-editor\" data-id=\"1b86054\" data-element_type=\"widget\" data-e-type=\"widget\" data-widget_type=\"text-editor.default\">\n\t\t\t\t\t\t\t\t\t<h2><strong><em>Comprometidos<\/em><\/strong> con la excelencia<\/h2>\t\t\t\t\t\t\t\t<\/div>\n\t\t\t\t<div class=\"elementor-element elementor-element-670d8f2 elementor-widget elementor-widget-text-editor\" data-id=\"670d8f2\" data-element_type=\"widget\" data-e-type=\"widget\" data-widget_type=\"text-editor.default\">\n\t\t\t\t\t\t\t\t\t<p>Aspiramos a ser una de las compa\u00f1ias de consumo m\u00e1s destacadas y reconocidas a nivel pa\u00eds.<\/p><p>Trabajamos cada d\u00eda con pasi\u00f3n y prop\u00f3sito, impulsados por la b\u00fasqueda constante de superaci\u00f3n.<\/p>\t\t\t\t\t\t\t\t<\/div>\n\t\t\t\t<\/div>\n\t\t\t\t\t<\/div>\n\t\t\t\t<\/div>\n\t\t<div class=\"elementor-element elementor-element-4216276 e-grid e-con-boxed e-con e-parent\" data-id=\"4216276\" data-element_type=\"container\" data-e-type=\"container\">\n\t\t\t\t\t<div class=\"e-con-inner\">\n\t\t<div class=\"elementor-element elementor-element-1d572a7 e-con-full e-flex e-con e-child\" data-id=\"1d572a7\" data-element_type=\"container\" data-e-type=\"container\">\n\t\t\t\t<div class=\"elementor-element elementor-element-db38f3a elementor-widget elementor-widget-text-editor\" data-id=\"db38f3a\" data-element_type=\"widget\" data-e-type=\"widget\" data-widget_type=\"text-editor.default\">\n\t\t\t\t\t\t\t\t\t<h2><strong><em>Impacto<\/em><\/strong> con prop\u00f3sito<\/h2>\t\t\t\t\t\t\t\t<\/div>\n\t\t\t\t<div class=\"elementor-element elementor-element-412622d elementor-widget elementor-widget-text-editor\" data-id=\"412622d\" data-element_type=\"widget\" data-e-type=\"widget\" data-widget_type=\"text-editor.default\">\n\t\t\t\t\t\t\t\t\t<p>Con mas de 200 personas y presencia en todo el pa\u00eds, construimos v\u00ednculos reales con nuestros consumidores.<\/p><p>Nuestro compromiso va m\u00e1s all\u00e1 del producto: Generamos confianza, valor y un impacto positivo en cada cliente.<\/p>\t\t\t\t\t\t\t\t<\/div>\n\t\t\t\t<\/div>\n\t\t\t\t<div class=\"elementor-element elementor-element-5eb6455 elementor-widget elementor-widget-image\" data-id=\"5eb6455\" data-element_type=\"widget\" data-e-type=\"widget\" data-widget_type=\"image.default\">\n\t\t\t\t\t\t\t\t\t\t\t\t\t\t\t<img decoding=\"async\" width=\"800\" height=\"800\" src=\"https:\/\/www.winesandspirits.com.py\/wp-content\/uploads\/2025\/07\/vino-wines-1024x1024.webp\" class=\"attachment-large size-large wp-image-115\" alt=\"Botella de Vino\" srcset=\"https:\/\/www.winesandspirits.com.py\/wp-content\/uploads\/2025\/07\/vino-wines-1024x1024.webp 1024w, https:\/\/www.winesandspirits.com.py\/wp-content\/uploads\/2025\/07\/vino-wines-300x300.webp 300w, https:\/\/www.winesandspirits.com.py\/wp-content\/uploads\/2025\/07\/vino-wines-150x150.webp 150w, https:\/\/www.winesandspirits.com.py\/wp-content\/uploads\/2025\/07\/vino-wines-768x768.webp 768w, https:\/\/www.winesandspirits.com.py\/wp-content\/uploads\/2025\/07\/vino-wines.webp 1200w\" sizes=\"(max-width: 800px) 100vw, 800px\" \/>\t\t\t\t\t\t\t\t\t\t\t\t\t\t\t<\/div>\n\t\t\t\t\t<\/div>\n\t\t\t\t<\/div>\n\t\t<div class=\"elementor-element elementor-element-81b9e6f e-grid e-con-boxed e-con e-parent\" data-id=\"81b9e6f\" data-element_type=\"container\" data-e-type=\"container\">\n\t\t\t\t\t<div class=\"e-con-inner\">\n\t\t\t\t<div class=\"elementor-element elementor-element-3be77ff elementor-widget elementor-widget-image\" data-id=\"3be77ff\" data-element_type=\"widget\" data-e-type=\"widget\" data-widget_type=\"image.default\">\n\t\t\t\t\t\t\t\t\t\t\t\t\t\t\t<img decoding=\"async\" width=\"800\" height=\"800\" src=\"https:\/\/www.winesandspirits.com.py\/wp-content\/uploads\/2025\/07\/vodka-smirnoff-01-wines-1024x1024.webp\" class=\"attachment-large size-large wp-image-129\" alt=\"\" srcset=\"https:\/\/www.winesandspirits.com.py\/wp-content\/uploads\/2025\/07\/vodka-smirnoff-01-wines-1024x1024.webp 1024w, https:\/\/www.winesandspirits.com.py\/wp-content\/uploads\/2025\/07\/vodka-smirnoff-01-wines-300x300.webp 300w, https:\/\/www.winesandspirits.com.py\/wp-content\/uploads\/2025\/07\/vodka-smirnoff-01-wines-150x150.webp 150w, https:\/\/www.winesandspirits.com.py\/wp-content\/uploads\/2025\/07\/vodka-smirnoff-01-wines-768x768.webp 768w, https:\/\/www.winesandspirits.com.py\/wp-content\/uploads\/2025\/07\/vodka-smirnoff-01-wines.webp 1200w\" sizes=\"(max-width: 800px) 100vw, 800px\" \/>\t\t\t\t\t\t\t\t\t\t\t\t\t\t\t<\/div>\n\t\t<div class=\"elementor-element elementor-element-9b35be4 e-con-full e-flex e-con e-child\" data-id=\"9b35be4\" data-element_type=\"container\" data-e-type=\"container\">\n\t\t\t\t<div class=\"elementor-element elementor-element-a8a01e1 elementor-widget elementor-widget-text-editor\" data-id=\"a8a01e1\" data-element_type=\"widget\" data-e-type=\"widget\" data-widget_type=\"text-editor.default\">\n\t\t\t\t\t\t\t\t\t<h3><strong><em>Construyendo<\/em><\/strong> marcas que inspiran<\/h3>\t\t\t\t\t\t\t\t<\/div>\n\t\t\t\t<div class=\"elementor-element elementor-element-9557634 elementor-widget elementor-widget-text-editor\" data-id=\"9557634\" data-element_type=\"widget\" data-e-type=\"widget\" data-widget_type=\"text-editor.default\">\n\t\t\t\t\t\t\t\t\t<p>Desde iconos consolidados como Johnnie Walker, hasta innovaciones como Smirnoff Flavors, pasando por una cuidada selecci\u00f3n de vinos de alta gama, desarrollamos marcas que conectan con las personas y elevan cada experiencia.<\/p><p>Creamos productos, sabores y momentos pensados para distrutar, compartir y celebrar la vida todos los d\u00edas.<\/p>\t\t\t\t\t\t\t\t<\/div>\n\t\t\t\t<\/div>\n\t\t\t\t\t<\/div>\n\t\t\t\t<\/div>\n\t\t<div class=\"elementor-element elementor-element-ce647e7 e-grid e-con-boxed e-con e-parent\" data-id=\"ce647e7\" data-element_type=\"container\" data-e-type=\"container\">\n\t\t\t\t\t<div class=\"e-con-inner\">\n\t\t<div class=\"elementor-element elementor-element-5b4d5c2 e-con-full e-flex e-con e-child\" data-id=\"5b4d5c2\" data-element_type=\"container\" data-e-type=\"container\">\n\t\t\t\t<div class=\"elementor-element elementor-element-f3840fc elementor-widget__width-initial elementor-widget elementor-widget-text-editor\" data-id=\"f3840fc\" data-element_type=\"widget\" data-e-type=\"widget\" data-widget_type=\"text-editor.default\">\n\t\t\t\t\t\t\t\t\t<h2><em><strong>Nuestras<\/strong><\/em> Marcas<\/h2><hr \/>\t\t\t\t\t\t\t\t<\/div>\n\t\t\t\t<div class=\"elementor-element elementor-element-ab94397 elementor-widget elementor-widget-image-carousel\" data-id=\"ab94397\" data-element_type=\"widget\" data-e-type=\"widget\" data-settings=\"{&quot;slides_to_show&quot;:&quot;6&quot;,&quot;navigation&quot;:&quot;none&quot;,&quot;autoplay&quot;:&quot;yes&quot;,&quot;pause_on_hover&quot;:&quot;yes&quot;,&quot;pause_on_interaction&quot;:&quot;yes&quot;,&quot;autoplay_speed&quot;:5000,&quot;infinite&quot;:&quot;yes&quot;,&quot;speed&quot;:500}\" data-widget_type=\"image-carousel.default\">\n\t\t\t\t\t\t\t<div class=\"elementor-image-carousel-wrapper swiper\" role=\"region\" aria-roledescription=\"carousel\" aria-label=\"Carrusel de im\u00e1genes\" dir=\"ltr\">\n\t\t\t<div class=\"elementor-image-carousel swiper-wrapper\" aria-live=\"off\">\n\t\t\t\t\t\t\t\t<div class=\"swiper-slide\" role=\"group\" aria-roledescription=\"slide\" aria-label=\"1 de 8\"><figure class=\"swiper-slide-inner\"><img decoding=\"async\" class=\"swiper-slide-image\" src=\"https:\/\/www.winesandspirits.com.py\/wp-content\/uploads\/2025\/07\/Recurso-1-300x150.png\" alt=\"Carrusel de nuestras marcas\" \/><\/figure><\/div><div class=\"swiper-slide\" role=\"group\" aria-roledescription=\"slide\" aria-label=\"2 de 8\"><figure class=\"swiper-slide-inner\"><img decoding=\"async\" class=\"swiper-slide-image\" src=\"https:\/\/www.winesandspirits.com.py\/wp-content\/uploads\/2025\/07\/Recurso-2-300x150.png\" alt=\"Recurso 2\" \/><\/figure><\/div><div class=\"swiper-slide\" role=\"group\" aria-roledescription=\"slide\" aria-label=\"3 de 8\"><figure class=\"swiper-slide-inner\"><img decoding=\"async\" class=\"swiper-slide-image\" src=\"https:\/\/www.winesandspirits.com.py\/wp-content\/uploads\/2025\/07\/Recurso-3-300x150.png\" alt=\"Recurso 3\" \/><\/figure><\/div><div class=\"swiper-slide\" role=\"group\" aria-roledescription=\"slide\" aria-label=\"4 de 8\"><figure class=\"swiper-slide-inner\"><img decoding=\"async\" class=\"swiper-slide-image\" src=\"https:\/\/www.winesandspirits.com.py\/wp-content\/uploads\/2025\/07\/Recurso-4-300x150.png\" alt=\"Recurso 4\" \/><\/figure><\/div><div class=\"swiper-slide\" role=\"group\" aria-roledescription=\"slide\" aria-label=\"5 de 8\"><figure class=\"swiper-slide-inner\"><img decoding=\"async\" class=\"swiper-slide-image\" src=\"https:\/\/www.winesandspirits.com.py\/wp-content\/uploads\/2025\/07\/Recurso-5-300x150.png\" alt=\"Recurso 5\" \/><\/figure><\/div><div class=\"swiper-slide\" role=\"group\" aria-roledescription=\"slide\" aria-label=\"6 de 8\"><figure class=\"swiper-slide-inner\"><img decoding=\"async\" class=\"swiper-slide-image\" src=\"https:\/\/www.winesandspirits.com.py\/wp-content\/uploads\/2025\/07\/Recurso-6-300x150.png\" alt=\"Recurso 6\" \/><\/figure><\/div><div class=\"swiper-slide\" role=\"group\" aria-roledescription=\"slide\" aria-label=\"7 de 8\"><figure class=\"swiper-slide-inner\"><img decoding=\"async\" class=\"swiper-slide-image\" src=\"https:\/\/www.winesandspirits.com.py\/wp-content\/uploads\/2025\/07\/Recurso-7-300x150.png\" alt=\"Recurso 7\" \/><\/figure><\/div><div class=\"swiper-slide\" role=\"group\" aria-roledescription=\"slide\" aria-label=\"8 de 8\"><figure class=\"swiper-slide-inner\"><img decoding=\"async\" class=\"swiper-slide-image\" src=\"https:\/\/www.winesandspirits.com.py\/wp-content\/uploads\/2025\/07\/Recurso-8-300x150.png\" alt=\"Recurso 8\" \/><\/figure><\/div>\t\t\t<\/div>\n\t\t\t\t\t\t\t\n\t\t\t\t\t\t\t\t\t<\/div>\n\t\t\t\t\t\t<\/div>\n\t\t\t\t<div class=\"elementor-element elementor-element-fabb602 e-transform elementor-widget elementor-widget-image-carousel\" data-id=\"fabb602\" data-element_type=\"widget\" data-e-type=\"widget\" data-settings=\"{&quot;slides_to_show&quot;:&quot;6&quot;,&quot;navigation&quot;:&quot;none&quot;,&quot;autoplay&quot;:&quot;yes&quot;,&quot;pause_on_hover&quot;:&quot;yes&quot;,&quot;pause_on_interaction&quot;:&quot;yes&quot;,&quot;autoplay_speed&quot;:5000,&quot;infinite&quot;:&quot;yes&quot;,&quot;speed&quot;:500,&quot;_transform_translateX_effect&quot;:{&quot;unit&quot;:&quot;px&quot;,&quot;size&quot;:&quot;&quot;,&quot;sizes&quot;:[]},&quot;_transform_translateX_effect_tablet&quot;:{&quot;unit&quot;:&quot;px&quot;,&quot;size&quot;:&quot;&quot;,&quot;sizes&quot;:[]},&quot;_transform_translateX_effect_mobile&quot;:{&quot;unit&quot;:&quot;px&quot;,&quot;size&quot;:&quot;&quot;,&quot;sizes&quot;:[]},&quot;_transform_translateY_effect&quot;:{&quot;unit&quot;:&quot;px&quot;,&quot;size&quot;:&quot;&quot;,&quot;sizes&quot;:[]},&quot;_transform_translateY_effect_tablet&quot;:{&quot;unit&quot;:&quot;px&quot;,&quot;size&quot;:&quot;&quot;,&quot;sizes&quot;:[]},&quot;_transform_translateY_effect_mobile&quot;:{&quot;unit&quot;:&quot;px&quot;,&quot;size&quot;:&quot;&quot;,&quot;sizes&quot;:[]}}\" data-widget_type=\"image-carousel.default\">\n\t\t\t\t\t\t\t<div class=\"elementor-image-carousel-wrapper swiper\" role=\"region\" aria-roledescription=\"carousel\" aria-label=\"Carrusel de im\u00e1genes\" dir=\"rtl\">\n\t\t\t<div class=\"elementor-image-carousel swiper-wrapper\" aria-live=\"off\">\n\t\t\t\t\t\t\t\t<div class=\"swiper-slide\" role=\"group\" aria-roledescription=\"slide\" aria-label=\"1 de 9\"><figure class=\"swiper-slide-inner\"><img decoding=\"async\" class=\"swiper-slide-image\" src=\"https:\/\/www.winesandspirits.com.py\/wp-content\/uploads\/2025\/07\/Recurso-9-300x150.png\" alt=\"Recurso 9\" \/><\/figure><\/div><div class=\"swiper-slide\" role=\"group\" aria-roledescription=\"slide\" aria-label=\"2 de 9\"><figure class=\"swiper-slide-inner\"><img decoding=\"async\" class=\"swiper-slide-image\" src=\"https:\/\/www.winesandspirits.com.py\/wp-content\/uploads\/2025\/07\/Recurso-10-300x150.png\" alt=\"Recurso 10\" \/><\/figure><\/div><div class=\"swiper-slide\" role=\"group\" aria-roledescription=\"slide\" aria-label=\"3 de 9\"><figure class=\"swiper-slide-inner\"><img decoding=\"async\" class=\"swiper-slide-image\" src=\"https:\/\/www.winesandspirits.com.py\/wp-content\/uploads\/2025\/07\/Recurso-11-300x151.png\" alt=\"Recurso 11\" \/><\/figure><\/div><div class=\"swiper-slide\" role=\"group\" aria-roledescription=\"slide\" aria-label=\"4 de 9\"><figure class=\"swiper-slide-inner\"><img decoding=\"async\" class=\"swiper-slide-image\" src=\"https:\/\/www.winesandspirits.com.py\/wp-content\/uploads\/2025\/07\/Recurso-12-300x150.png\" alt=\"Recurso 12\" \/><\/figure><\/div><div class=\"swiper-slide\" role=\"group\" aria-roledescription=\"slide\" aria-label=\"5 de 9\"><figure class=\"swiper-slide-inner\"><img decoding=\"async\" class=\"swiper-slide-image\" src=\"https:\/\/www.winesandspirits.com.py\/wp-content\/uploads\/2025\/07\/Recurso-13-300x150.png\" alt=\"Recurso 13\" \/><\/figure><\/div><div class=\"swiper-slide\" role=\"group\" aria-roledescription=\"slide\" aria-label=\"6 de 9\"><figure class=\"swiper-slide-inner\"><img decoding=\"async\" class=\"swiper-slide-image\" src=\"https:\/\/www.winesandspirits.com.py\/wp-content\/uploads\/2025\/07\/Recurso-14-300x150.png\" alt=\"Recurso 14\" \/><\/figure><\/div><div class=\"swiper-slide\" role=\"group\" aria-roledescription=\"slide\" aria-label=\"7 de 9\"><figure class=\"swiper-slide-inner\"><img decoding=\"async\" class=\"swiper-slide-image\" src=\"https:\/\/www.winesandspirits.com.py\/wp-content\/uploads\/2025\/07\/Recurso-15-300x150.png\" alt=\"Recurso 15\" \/><\/figure><\/div><div class=\"swiper-slide\" role=\"group\" aria-roledescription=\"slide\" aria-label=\"8 de 9\"><figure class=\"swiper-slide-inner\"><img decoding=\"async\" class=\"swiper-slide-image\" src=\"https:\/\/www.winesandspirits.com.py\/wp-content\/uploads\/2025\/07\/Recurso-16-300x150.png\" alt=\"Recurso 16\" \/><\/figure><\/div><div class=\"swiper-slide\" role=\"group\" aria-roledescription=\"slide\" aria-label=\"9 de 9\"><figure class=\"swiper-slide-inner\"><img decoding=\"async\" class=\"swiper-slide-image\" src=\"https:\/\/www.winesandspirits.com.py\/wp-content\/uploads\/2025\/07\/Recurso-17-300x150.png\" alt=\"Recurso 17\" \/><\/figure><\/div>\t\t\t<\/div>\n\t\t\t\t\t\t\t\n\t\t\t\t\t\t\t\t\t<\/div>\n\t\t\t\t\t\t<\/div>\n\t\t\t\t<div class=\"elementor-element elementor-element-b2e6573 elementor-widget elementor-widget-image-carousel\" data-id=\"b2e6573\" data-element_type=\"widget\" data-e-type=\"widget\" data-settings=\"{&quot;slides_to_show&quot;:&quot;6&quot;,&quot;navigation&quot;:&quot;none&quot;,&quot;autoplay&quot;:&quot;yes&quot;,&quot;pause_on_hover&quot;:&quot;yes&quot;,&quot;pause_on_interaction&quot;:&quot;yes&quot;,&quot;autoplay_speed&quot;:5000,&quot;infinite&quot;:&quot;yes&quot;,&quot;speed&quot;:500}\" data-widget_type=\"image-carousel.default\">\n\t\t\t\t\t\t\t<div class=\"elementor-image-carousel-wrapper swiper\" role=\"region\" aria-roledescription=\"carousel\" aria-label=\"Carrusel de im\u00e1genes\" dir=\"ltr\">\n\t\t\t<div class=\"elementor-image-carousel swiper-wrapper\" aria-live=\"off\">\n\t\t\t\t\t\t\t\t<div class=\"swiper-slide\" role=\"group\" aria-roledescription=\"slide\" aria-label=\"1 de 7\"><figure class=\"swiper-slide-inner\"><img decoding=\"async\" class=\"swiper-slide-image\" src=\"https:\/\/www.winesandspirits.com.py\/wp-content\/uploads\/2025\/07\/Recurso-18-300x151.png\" alt=\"Recurso 18\" \/><\/figure><\/div><div class=\"swiper-slide\" role=\"group\" aria-roledescription=\"slide\" aria-label=\"2 de 7\"><figure class=\"swiper-slide-inner\"><img decoding=\"async\" class=\"swiper-slide-image\" src=\"https:\/\/www.winesandspirits.com.py\/wp-content\/uploads\/2025\/07\/Recurso-19-300x151.png\" alt=\"Recurso 19\" \/><\/figure><\/div><div class=\"swiper-slide\" role=\"group\" aria-roledescription=\"slide\" aria-label=\"3 de 7\"><figure class=\"swiper-slide-inner\"><img decoding=\"async\" class=\"swiper-slide-image\" src=\"https:\/\/www.winesandspirits.com.py\/wp-content\/uploads\/2025\/07\/Recurso-20-300x150.png\" alt=\"Recurso 20\" \/><\/figure><\/div><div class=\"swiper-slide\" role=\"group\" aria-roledescription=\"slide\" aria-label=\"4 de 7\"><figure class=\"swiper-slide-inner\"><img decoding=\"async\" class=\"swiper-slide-image\" src=\"https:\/\/www.winesandspirits.com.py\/wp-content\/uploads\/2025\/07\/Recurso-21-300x150.png\" alt=\"Recurso 21\" \/><\/figure><\/div><div class=\"swiper-slide\" role=\"group\" aria-roledescription=\"slide\" aria-label=\"5 de 7\"><figure class=\"swiper-slide-inner\"><img decoding=\"async\" class=\"swiper-slide-image\" src=\"https:\/\/www.winesandspirits.com.py\/wp-content\/uploads\/2025\/07\/Recurso-22-300x150.png\" alt=\"Recurso 22\" \/><\/figure><\/div><div class=\"swiper-slide\" role=\"group\" aria-roledescription=\"slide\" aria-label=\"6 de 7\"><figure class=\"swiper-slide-inner\"><img decoding=\"async\" class=\"swiper-slide-image\" src=\"https:\/\/www.winesandspirits.com.py\/wp-content\/uploads\/2025\/07\/Recurso-23-300x150.png\" alt=\"Recurso 23\" \/><\/figure><\/div><div class=\"swiper-slide\" role=\"group\" aria-roledescription=\"slide\" aria-label=\"7 de 7\"><figure class=\"swiper-slide-inner\"><img decoding=\"async\" class=\"swiper-slide-image\" src=\"https:\/\/www.winesandspirits.com.py\/wp-content\/uploads\/2025\/07\/Recurso-24-300x150.png\" alt=\"Recurso 24\" \/><\/figure><\/div>\t\t\t<\/div>\n\t\t\t\t\t\t\t\n\t\t\t\t\t\t\t\t\t<\/div>\n\t\t\t\t\t\t<\/div>\n\t\t\t\t<\/div>\n\t\t\t\t\t<\/div>\n\t\t\t\t<\/div>\n\t\t\t\t<\/div>\n\t\t","protected":false},"excerpt":{"rendered":"<p>Wines&#038;SpiritsVER M\u00c1S Somos l\u00edderes en bebidas premium, el espacio de productos\u00a0de\u00a0consumo m\u00e1s apasionante. Con presencia en todo el pa\u00eds y un portafolio de mas de 20 marcas reconocidas, ofrecemos una selecci\u00f3n que combina tradici\u00f3n, innovaci\u00f3n y excelencia. Comprometidos con la excelencia Aspiramos a ser una de las compa\u00f1ias de consumo m\u00e1s destacadas y reconocidas a [&hellip;]<\/p>\n","protected":false},"author":1,"featured_media":0,"parent":0,"menu_order":0,"comment_status":"closed","ping_status":"closed","template":"","meta":{"_uag_custom_page_level_css":"","footnotes":""},"class_list":["post-31","page","type-page","status-publish","hentry"],"uagb_featured_image_src":{"full":false,"thumbnail":false,"medium":false,"medium_large":false,"large":false,"1536x1536":false,"2048x2048":false},"uagb_author_info":{"display_name":"admin","author_link":"https:\/\/www.winesandspirits.com.py\/index.php\/author\/admin-2-2-2-2-2-2-2-2-2-2-2-2-2-2\/"},"uagb_comment_info":0,"uagb_excerpt":"Wines&#038;SpiritsVER M\u00c1S Somos l\u00edderes en bebidas premium, el espacio de productos\u00a0de\u00a0consumo m\u00e1s apasionante. Con presencia en todo el pa\u00eds y un portafolio de mas de 20 marcas reconocidas, ofrecemos una selecci\u00f3n que combina tradici\u00f3n, innovaci\u00f3n y excelencia. Comprometidos con la excelencia Aspiramos a ser una de las compa\u00f1ias de consumo m\u00e1s destacadas y reconocidas a&hellip;","rttpg_featured_image_url":null,"rttpg_author":{"display_name":"admin","author_link":"https:\/\/www.winesandspirits.com.py\/index.php\/author\/admin-2-2-2-2-2-2-2-2-2-2-2-2-2-2\/"},"rttpg_comment":0,"rttpg_category":null,"rttpg_excerpt":"Wines&#038;SpiritsVER M\u00c1S Somos l\u00edderes en bebidas premium, el espacio de productos\u00a0de\u00a0consumo m\u00e1s apasionante. Con presencia en todo el pa\u00eds y un portafolio de mas de 20 marcas reconocidas, ofrecemos una selecci\u00f3n que combina tradici\u00f3n, innovaci\u00f3n y excelencia. Comprometidos con la excelencia Aspiramos a ser una de las compa\u00f1ias de consumo m\u00e1s destacadas y reconocidas a&hellip;","_links":{"self":[{"href":"https:\/\/www.winesandspirits.com.py\/index.php\/wp-json\/wp\/v2\/pages\/31","targetHints":{"allow":["GET"]}}],"collection":[{"href":"https:\/\/www.winesandspirits.com.py\/index.php\/wp-json\/wp\/v2\/pages"}],"about":[{"href":"https:\/\/www.winesandspirits.com.py\/index.php\/wp-json\/wp\/v2\/types\/page"}],"author":[{"embeddable":true,"href":"https:\/\/www.winesandspirits.com.py\/index.php\/wp-json\/wp\/v2\/users\/1"}],"replies":[{"embeddable":true,"href":"https:\/\/www.winesandspirits.com.py\/index.php\/wp-json\/wp\/v2\/comments?post=31"}],"version-history":[{"count":187,"href":"https:\/\/www.winesandspirits.com.py\/index.php\/wp-json\/wp\/v2\/pages\/31\/revisions"}],"predecessor-version":[{"id":1174,"href":"https:\/\/www.winesandspirits.com.py\/index.php\/wp-json\/wp\/v2\/pages\/31\/revisions\/1174"}],"wp:attachment":[{"href":"https:\/\/www.winesandspirits.com.py\/index.php\/wp-json\/wp\/v2\/media?parent=31"}],"curies":[{"name":"wp","href":"https:\/\/api.w.org\/{rel}","templated":true}]}}